= -n**2 - 15*n - 11. Let t be i(-14). Suppose -3*f + 2*g + 1255 = -700, f - 661 = t*g. Is f composite?
True
Let i be 1/(-2) - (-170)/4. Let b = 568 + i. Suppose 5*j - b = -5*v, 4*j - 568 = -5*v + 38. Is v a composite number?
True
Let j(k) = -11 - 137*k - 8 + 33 - 16. Suppose -2*m - m - 4*p + 7 = 0, 3*p = -m + 9. Is j(m) prime?
True
Suppose 0 = -4*g + 2*v + 367750, -997*g = -999*g - 2*v + 183884. Is g composite?
False
Suppose -23*j = -249606 - 268423. Is j prime?
False
Suppose -624514 = -15*h + 13*h + 4*d, 3*h - 2*d - 936739 = 0. Is h composite?
False
Is 25280 - (15 + 48/18*24/(-8)) a prime number?
False
Let h = -96383 + 422010. Is h composite?
False
Suppose 0 = 6*h + 10 + 296. Let r = 130 + h. Is r prime?
True
Suppose -7*z - 12 = -4*z, 3256 = 4*k - 4*z. Let v = 1621 - k. Let m = 2030 - v. Is m a composite number?
True
Let b = -68 + 63. Let u(c) = -2*c - 21*c - 170*c - 21 - 123*c. Is u(b) a composite number?
False
Let d be (-16 - -19)*1/(-1). Let f(j) = -3*j**2 - 8*j + 3. Let k be f(d). Is k + (1/(-1) + 1950)/1 prime?
True
Let u be (-10 - -6)*((-18)/8)/3. Suppose g = -3*g + 8. Suppose u*k - 761 = -g*b, -2*b = b - 12. Is k composite?
False
Let h = 10331 - 3048. Is h composite?
False
Is ((-4410348)/(-14))/(-3)*756/(-216) composite?
True
Let w = 134 - 126. Suppose -w*f = -10757 - 6275. Is f prime?
True
Let z(o) = -18*o + 44. Let v(x) = -35*x + 88. Let a(d) = 3*v(d) - 5*z(d). Is a(-9) composite?
False
Let g = -10240 + 2236. Let a = g - -13710. Suppose -a = -3*f + 3*n, 0 = f + 4*f + 5*n - 9520. Is f a composite number?
True
Let d(l) = -36*l - 216. Let q be d(-54). Suppose 4*z + q - 497 = 3*i, -3*z + 2071 = 5*i. Is i a prime number?
False
Suppose -c + 2*q = -366111, -2*q - 1077720 = -5*c + 752819. Is c composite?
True
Let u(a) = a**3 + 4*a**2 - a - 2. Let m be u(-3). Let n be 10/6*(-10)/(m/(-3)). Suppose 2*v = -5*s + 181, 3*s + n*v - 138 = -s. Is s a prime number?
True
Suppose -13*j + 29*j + 2480 = 0. Let f = 939 - j. Is f a composite number?
True
Is 1041101 + 6 + 9 - -21 a prime number?
True
Suppose -24*q + 16893222 = 8267315 - 16023077. Is q prime?
False
Let h be (0 + (-12633)/2)/((-5)/(-110)). Is h/(-27) - (-10)/45 composite?
False
Suppose -350*b = -179*b - 189*b + 1137186. Is b prime?
False
Let a(z) = -z**3 + 13*z**2 - 11*z - 7. Let n be a(7). Let g be (-2)/(95/n + (-2)/7). Is -5 + (-93)/(-18) - 9442/g composite?
False
Suppose -3*o - 72 = 6*o. Let g(c) = -2*c - 17. Let m be g(o). Is -2*m/(10/715) prime?
False
Let t(u) = -1419*u**3 - 17*u**2 - 29*u - 104. Is t(-6) a prime number?
False
Let o(y) = -577*y - 40. Let n be o(12). Let w be n/(-1)*(25/(-10) - -3). Is (7 - 30/4)*w*-1 a prime number?
True
Suppose -2*r - 7*h + 490560 = 60279, 5*h = r - 215098. Is r a composite number?
False
Suppose -21373 + 70252 = -5*a + 2*z, -5*z = 15. Let h = a + 21326. Is h composite?
False
Suppose 149*o - 13835021 = 993608. Is o a prime number?
False
Let c(t) = 347*t**3 - t**2 + 43*t - 234. Is c(5) composite?
False
Let r(n) be the second derivative of 19*n**5/20 - n**4/6 - 5*n**3/6 - 5*n**2/2 - 55*n. Is r(4) prime?
False
Let w be 2/(-3*(-2 - (-19760)/9879)). Let i = 8332 - w. Suppose -9*n + i = -3234. Is n a prime number?
False
Let l(p) = 1881*p**3 + 2*p**2 - 6*p - 54. Is l(5) composite?
False
Let w(s) = -190962*s - 317. Is w(-12) a composite number?
False
Suppose -2*p + 12 - 16 = 0. Let q be ((-14814)/27)/(1*p/6). Suppose -8*c = -4870 + q. Is c composite?
True
Suppose 3*c - i = 1832, -3*i - 2*i = 25. Let a = c + -1159. Let p = a - -1337. Is p a composite number?
False
Let w(c) = -13*c**3 + c**2. Let l be w(-1). Let d = 16 - l. Let r(n) = 233*n**3 + n**2 - n - 1. Is r(d) composite?
True
Suppose 5*b - 114635 = -2*g, 4*b + 13*g - 91708 = 14*g. Is b composite?
True
Let k = 122 - 114. Is (-1237*(-2)/(-8))/((-1)/k) a prime number?
False
Let o(n) be the first derivative of n + 0 + 1 + 4*n + 6 + 396*n**2. Is o(2) a prime number?
False
Is 345258/12*(-70)/(-105) composite?
False
Let h = 299651 + -184794. Is h a prime number?
False
Suppose 5*j = 3331 + 7749. Let g = 3857 - j. Is g a prime number?
False
Let v = -240 + 242. Suppose n + 4*u = 12769, -2*n - v*u - u + 25558 = 0. Is n a composite number?
True
Suppose 9*n + 4338 = 15*n. Suppose 2*v = n - 149. Let t = 72 + v. Is t composite?
False
Let l = 37 - 21. Suppose 3*z = 4*a - 91357, 5*a = -12*z + l*z + 114197. Is a a composite number?
True
Let l be (7 + (-60)/8)/(2/(-8)). Suppose -4*m + 2001 + 731 = 4*u, -l*u + 1368 = m. Is u a prime number?
False
Let u(k) = 4*k**2 - 9*k + 5. Let y be u(2). Suppose 3*s - y*o + 6 = 0, o + 1 = -0*s + 2*s. Suppose -s*b = 3*q - 4*b - 1224, -5*b - 2050 = -5*q. Is q composite?
True
Let j(k) = -11026*k**3 + 8*k**2 + 14*k + 1. Is j(-2) prime?
False
Suppose 0 = 18*z - 971612 - 1818586. Is z prime?
False
Let a(w) = -6*w + 3793*w**2 - 3*w + 19 + 12 + 20 - 42. Is a(1) a composite number?
False
Suppose -41835 = -11*a + 10*a. Suppose 63*m - 60*m = a. Suppose -m = 20*h - 25*h. Is h a prime number?
True
Let y = 120 - 120. Suppose 0*k - 5*k + 2*g + 14143 = y, -2*k + 5674 = -5*g. Is k composite?
True
Let k = 90144 - -91066. Is 2/(-15) - (k/(-75) - 10) prime?
False
Let i be (16*1)/(-39 - -41). Suppose i*c - 37889 = 13703. Is c a composite number?
False
Let y(m) = -148*m**3 - m - 1. Let h be y(-1). Let x = h - 50. Is (3 + x + 1)/2 a prime number?
False
Suppose r - 2*r = 732. Let h be (-20696)/64 - 6/(-16). Let o = h - r. Is o prime?
True
Suppose -2*g = 2*v + 2072 - 558, -2*g - v - 1512 = 0. Let t = 288 + g. Let h = -16 - t. Is h composite?
True
Let x(c) = -c**2 + c + 11. Let u be x(3). Suppose -2*d - 28 = u*d. Is d/(48/(-309))*4 composite?
False
Let a(s) = 360*s**3 + 7*s**2 - 23*s + 7. Let f be a(5). Let l = f + -27558. Is l a prime number?
True
Suppose -21*i + 1134 + 630 = 0. Is (i + -86)/((-2)/37337) a composite number?
False
Suppose -359905 = -115*a - 205405 + 299290. Is a composite?
True
Let i = -1755 + 2893. Suppose -q - 317 = -i. Is q prime?
True
Is 6/(-5)*(-150)/20 + 25490 prime?
False
Let h = 295569 - -168728. Is h a composite number?
True
Let j(s) = 121 - 81 - 5*s + 3*s. Let x be j(17). Is (-123351)/(-39) - x/(-39) composite?
False
Suppose 4*f - 8 = -h, -2*h = -4*f + 12 - 4. Suppose 4*t - g - 42857 = 0, 0 = -t - f*g + 8367 + 2336. Is t prime?
False
Suppose -54*l = -53*l - 1318. Let a(u) = -2*u + 16. Let q be a(6). Suppose -q*w + 1014 + l = 0. Is w prime?
False
Let i = 137358 - 57193. Is i prime?
False
Suppose 0 = -3*s - 3*g + 1131, -3*g - 1676 = -5*s + 177. Is s a prime number?
True
Let h(r) be the third derivative of 89*r**6/360 - 17*r**5/120 - 2*r**4/3 + 38*r**2. Let m(z) be the second derivative of h(z). Is m(7) a prime number?
True
Let a(n) = -n**2 + 8*n - 12. Let t be a(4). Is t*(-1)/1 + 963 prime?
False
Suppose 4*i + 41976 = 4*h, -6*i - 31478 = -3*h - 2*i. Suppose 0 = 2*a - 4*w - h, 0 = -6*a + 3*a + w + 15762. Is a composite?
True
Let q(a) = -4423*a**3 + 5*a**2 + 6*a + 7. Let k(p) = p**3 - p**2 - p - 1. Let h = 48 + -54. Let j(b) = h*k(b) - q(b). Is j(1) composite?
True
Let m be -6 + 9 - (-1)/((-4)/(-26880)). Let j = m + -3218. Is j composite?
True
Let i = -868943 + 1363848. Is i a prime number?
False
Let h(i) = 11*i**2 - 116*i + 548. Is h(-39) a composite number?
False
Suppose -4*c = -4*z + 796656, 0 = -2*z - 2*z - 4*c + 796664. Suppose -28*k + 70839 = -z. Is k a composite number?
False
Let g(l) = 30*l**2 + 382*l + 545. Is g(128) a prime number?
True
Let i(t) = -755*t + 7. Let a be i(-5). Let l be ((-379)/2)/((-10)/200). Suppose -5*b + 2*b + a = -q, -l = -3*b - q. Is b prime?
False
Is (5 - -52863)*(1 + -9)/(-32) a prime number?
True
Let v(l) = 2*l + 8. Let r be v(9). Let z = -29 + r. Is (z/3)/(1/(-2)) - -609 prime?
False
Suppose -139*w + 143*w - 3*k = 105718, -2*w + k + 52862 = 0. Is w a prime number?
False
Let a(o) = 27*o**2 - 4*o + 273. Is a(-32) prime?
False
Suppose 1591069 - 86885 = 11*o. Suppose -h = -5*d + o, -98801 = -3*d - 3*h - 16751. Is d composite?
True
Let t(s) = -s**3 + 3*s**2 + 13*s - 1. Let k be t(4). Let z = k - 56. Is 43122/21 - (-9)/z composite?
False
Suppose -3*y = k + 7058, 5*k + 9*y - 14*y + 35330 = 0. Let o = -1917 - k. Is o prime?
True
Suppose 0 = 5*n + 3*l - 106376, 4*n + 21284 = 5*n + 5*l. Suppose 18*d = n + 6392. Is d a prime number?
False
Suppose 3*n - 29353 = -2*w, -